
Is 9033 composite?
True
Is 351569 a prime number?
False
Is 506237 a composite number?
True
Is 9809 prime?
False
Is 2999 a composite number?
False
Is 11593 a composite number?
False
Is 14969 a composite number?
False
Is 21365 a composite number?
True
Is 1201 prime?
True
Is 13019 prime?
False
Is 27123 a composite number?
True
Is 50039 a composite number?
True
Is 259195 a prime number?
False
Is 258289 prime?
False
Is 66479 a prime number?
False
Is 32987 a composite number?
False
Is 224027 a composite number?
False
Is 31453 prime?
False
Is 22189 prime?
True
Is 32771 composite?
False
Is 39089 a prime number?
True
Is 1376857 prime?
False
Is 29647 a prime number?
False
Is 8977 composite?
True
Is 5844391 prime?
False
Is 53 a composite number?
False
Is 5557 composite?
False
Is 1075911 a prime number?
False
Is 317 composite?
False
Is 175101 prime?
False
Is 108857 prime?
False
Is 25247 a composite number?
False
Is 2323717 composite?
True
Is 18923 a prime number?
False
Is 487303 a prime number?
True
Is 656651 prime?
True
Is 298 prime?
False
Is 565 composite?
True
Is 17439 composite?
True
Is 613 composite?
False
Is 5779 composite?
False
Is 6259 prime?
False
Is 19957 prime?
False
Is 133831 a composite number?
False
Is 301811 prime?
False
Is 14699 a prime number?
True
Is 127 a prime number?
True
Is 1227243 composite?
True
Is 1819837 prime?
False
Is 582173 composite?
False
Is 103195 a prime number?
False
Is 704967 a composite number?
True
Is 85973 prime?
False
Is 19217 a composite number?
True
Is 1249931 a prime number?
False
Is 1031351 a composite number?
True
Is 117545 a composite number?
True
Is 64951 a prime number?
True
Is 8882 a prime number?
False
Is 802623 prime?
False
Is 7067 composite?
True
Is 989609 a prime number?
False
Is 3943 a composite number?
False
Is 10237 prime?
False
Is 41479 prime?
True
Is 16129 a composite number?
True
Is 53033 a prime number?
False
Is 14981 prime?
False
Is 29213 prime?
False
Is 137161 a prime number?
False
Is 26294 a prime number?
False
Is 3389 a prime number?
True
Is 12601 composite?
False
Is 133165 prime?
False
Is 10883 prime?
True
Is 19643 a composite number?
True
Is 5359 prime?
False
Is 1861 a composite number?
False
Is 232873 a composite number?
True
Is 42829 a prime number?
True
Is 477649 prime?
False
Is 982297 prime?
False
Is 63149 a composite number?
False
Is 9047 a composite number?
True
Is 2364049 composite?
False
Is 1917979 a prime number?
False
Is 1457 a prime number?
False
Is 646843 a prime number?
True
Is 10753 prime?
True
Is 137779 a composite number?
True
Is 313969 prime?
True
Is 332851 a composite number?
False
Is 3961813 a prime number?
True
Is 32587 a prime number?
True
Is 788479 a prime number?
True
Is 12809 composite?
False
Is 70537 a prime number?
True
Is 77069 prime?
True
Is 36903 a prime number?
False
Is 30403 composite?
False
Is 45905 composite?
True
Is 95509 composite?
True
Is 1236017 a prime number?
True
Is 98461 a prime number?
False
Is 104651 a prime number?
True
Is 451361 composite?
False
Is 22613 composite?
False
Is 266663 prime?
True
Is 950281 a prime number?
True
Is 5749 a prime number?
True
Is 23531 composite?
False
Is 2579 a composite number?
False
Is 1223 composite?
False
Is 8563 a prime number?
True
Is 1151 prime?
True
Is 18373 composite?
True
Is 3538235 a composite number?
True
Is 8203 composite?
True
Is 18859 composite?
False
Is 130081 a prime number?
False
Is 119141 a prime number?
False
Is 429159 prime?
False
Is 18355 a prime number?
False
Is 16301 prime?
True
Is 22343 a prime number?
True
Is 19835 prime?
False
Is 48421 a prime number?
False
Is 571429 a prime number?
False
Is 102293 composite?
False
Is 100622 composite?
True
Is 24239 a prime number?
True
Is 56039 a prime number?
True
Is 107891 prime?
False
Is 61813 prime?
True
Is 56701 composite?
False
Is 3241 a composite number?
True
Is 9337 a prime number?
True
Is 36581 prime?
False
Is 6541 composite?
True
Is 17707 composite?
False
Is 23977 prime?
True
Is 44543 a prime number?
True
Is 8795 a composite number?
True
Is 24233 a composite number?
True
Is 1253 composite?
True
Is 27631 prime?
True
Is 24659 a prime number?
True
Is 12953 composite?
False
Is 26669 composite?
False
Is 964163 a composite number?
True
Is 150019 prime?
False
Is 527101 a prime number?
False
Is 305917 prime?
True
Is 5099 composite?
False
Is 2383 composite?
False
Is 801559 composite?
True
Is 513221 prime?
False
Is 11777 a composite number?
False
Is 39961 a composite number?
True
Is 2039 a prime number?
True
Is 200053 a composite number?
True
Is 10487 a composite number?
False
Is 1553 prime?
True
Is 44579 a composite number?
False
Is 233489 a composite number?
False
Is 9701 a composite number?
True
Is 37299 prime?
False
Is 55001 composite?
False
Is 28261 prime?
False
Is 2003318 a prime number?
False
Is 62533 a prime number?
True
Is 1690349 prime?
True
Is 226693 a prime number?
False
Is 113831 composite?
True
Is 185911 prime?
False
Is 14693 composite?
True
Is 2936503 a prime number?
True
Is 252001 a prime number?
True
Is 857747 a composite number?
True
Is 98317 a composite number?
False
Is 12821 composite?
False
Is 13147 a prime number?
True
Is 14867 composite?
False
Is 19571 composite?
False
Is 4613 a composite number?
True
Is 631 a prime number?
True
Is 2999 composite?
False
Is 1047647 a prime number?
True
Is 3863 composite?
False
Is 175601 prime?
True
Is 171259 a prime number?
False
Is 5303 composite?
False
Is 73339 composite?
True
Is 8941 a prime number?
True
Is 33997 a composite number?
False
Is 1086619 prime?
True
Is 953 prime?
True
Is 11017 prime?
False
Is 12299609 a composite number?
True
Is 13963 composite?
False
Is 161677 prime?
False
Is 581755 composite?
True
Is 914561 a composite number?
False
Is 65497 prime?
True
Is 2734 prime?
False
Is 119159 a composite number?
False
Is 117103 a composite number?
True
Is 36131 a composite number?
False
Is 65921 a prime number?
True
Is 558409 composite?
True
Is 190319 a composite number?
True
Is 15819 a composite number?
True
Is 5731 prime?
False
Is 15119 a composite number?
True
Is 35023 a prime number?
True
Is 3175703 a prime number?
False
Is 139091 composite?
False
Is 508223 prime?
True
Is 10371 a composite number?
True
Is 74197 a prime number?
True
Is 1357 a composite number?
True
Is 143383 composite?
True
Is 1908041 a composite number?
False
Is 39323 composite?
False
Is 264127 composite?
False
Is 43147 a prime number?
False
Is 165745 a composite number?
True
Is 12071 a prime number?
True
Is 2631853 prime?
False
Is 26801 a composite number?
False
Is 211053 prime?
False
Is 33095 composite?
True
Is 174431 a composite number?
False
Is 57367 composite?
False
Is 211859 prime?
True
Is 979561 a prime number?
False
Is 21673 a prime number?
True
Is 34971 composite?
True
Is 8399 composite?
True
Is 14138 a composite number?
True
Is 162757 prime?
False
Is 117679 a composite number?
False
Is 432199 prime?
True
Is 165143 composite?
True
Is 138041 prime?
True
Is 76667 a prime number?
True
Is 536527 composite?
True
Is 366653 a prime number?
False
Is 675965 prime?
False
Is 52177 a prime number?
True
Is 803291 composite?
True
Is 128503 composite?
True
Is 48163 prime?
True
Is 266453 composite?
True
Is 1867 prime?
True
Is 24329 composite?
False
Is 420899 composite?
False
Is 332707 composite?
True
Is 5163 prime?
False
Is 21863 composite?
False
Is 247183 composite?
False
Is 59497 a composite number?
False
Is 52769 a composite number?
False
Is 88303 a composite number?
True
Is 155753 composite?
True
Is 2335 a prime number?
False
Is 23099 a prime number?
True
Is 1949 a composite number?
False
Is 455467 a composite number?
True
Is 41893 a prime number?
True
Is 284041 a composite number?
False
Is 159 prime?
False
Is 10265 prime?
False
Is 20261 a prime number?
True
Is 3032531 composite?
False
Is 143863 composite?
True
Is 107611 composite?
True
Is 34899 prime?
False
Is 17467 prime?
True
Is 1909 a composite number?
True
Is 141411 prime?
False
Is 98243 a composite number?
True
Is 133379 prime?
True
Is 991 a prime number?
True
Is 5953 composite?
False
Is 98251 a composite number?
False
Is 393991 a composite number?
True
Is 68543 prime?
True
Is 765103 a composite number?
False
Is 39199 a prime number?
True
Is 159779 composite?
False
Is 